{"id":544,"date":"2018-02-13T09:32:52","date_gmt":"2018-02-13T09:32:52","guid":{"rendered":"https:\/\/www.terranduyar.com\/parque-natural-sierra-de-andujar\/"},"modified":"2018-06-07T10:33:54","modified_gmt":"2018-06-07T10:33:54","slug":"parc-naturel-sierra-de-andujar","status":"publish","type":"page","link":"https:\/\/www.terranduyar.com\/fr\/parc-naturel-sierra-de-andujar\/","title":{"rendered":"PARC NATUREL:<br> <strong>Sierra de And\u00fajar<\/strong>"},"content":{"rendered":"<p>Dans le parc naturel se trouve notre TERRA ANDUYAR, dans la Sierra de And\u00fajar qui est actuellement le repr\u00e9sentant le mieux pr\u00e9serv\u00e9 de la for\u00eat m\u00e9diterran\u00e9enne, et redoute privil\u00e9gi\u00e9e pour une repr\u00e9sentation imbattable des animaux, beaucoup d&rsquo;entre eux en grave danger d&rsquo;extinction et trouv\u00e9 ici son dernier refuge. C&rsquo;est pourquoi ce parc naturel est devenu l&rsquo;un des plus importants et des plus riches en biodiversit\u00e9 de la p\u00e9ninsule ib\u00e9rique.<\/p>\n<p><strong>AVEC LA FAUNE<\/strong> qui entoure nos fermes.<\/p>\n<p>Le lynx ib\u00e9rique, le cerf rouge, le gamo, le sanglier, la ch\u00e8vre de montagne et le loup ib\u00e9rique prot\u00e8gent et surveillent les oliviers de Terra Anduyar. L&rsquo;aigle imp\u00e9rial et l&rsquo;aigle royal survolent le ciel, enivr\u00e9s par ces oliveraies majestueuses.<\/p>\n<p><strong>AVEC LA FLORE<\/strong> qui vit sur nos fermes.<\/p>\n<p>For\u00eat, garrigues, Dehesa, paysages de la Ribera sont en parfaite symbiose avec les oliviers et les plantes aromatiques comme le romarin, la marjolaine, le thym et la lavande, ils fournissent les ar\u00f4mes, le caract\u00e8re et l&rsquo;harmonie \u00e0 notre huile. C&rsquo;est le caract\u00e8re unique des environs du Parc Naturel de la Sierra de And\u00fajar. La v\u00e9g\u00e9tation riveraine est riche en grandes rivi\u00e8res qui se jettent dans le parc: J\u00e1ndula et Yeguas, comme dans les ruisseaux et les ravins, elle est compos\u00e9e de cendres, aulne, serg\u00e9s, lauriers-roses qui sont des galeries foresti\u00e8res importantes qui servent de refuge pour de nombreuses esp\u00e8ces de la faune.<\/p>\n","protected":false},"excerpt":{"rendered":"<p>Dans le parc naturel se trouve notre TERRA ANDUYAR, dans la Sierra de And\u00fajar qui est actuellement le repr\u00e9sentant le mieux pr\u00e9serv\u00e9 de la for\u00eat m\u00e9diterran\u00e9enne, et redoute privil\u00e9gi\u00e9e pour une repr\u00e9sentation imbattable des animaux, beaucoup d&rsquo;entre eux en grave danger d&rsquo;extinction et trouv\u00e9 ici son dernier refuge. C&rsquo;est pourquoi ce parc naturel est devenu [&hellip;]<\/p>\n","protected":false},"author":82647,"featured_media":119,"parent":0,"menu_order":0,"comment_status":"closed","ping_status":"closed","template":"","meta":{"footnotes":"","_joinchat":[]},"_links":{"self":[{"href":"https:\/\/www.terranduyar.com\/fr\/wp-json\/wp\/v2\/pages\/544"}],"collection":[{"href":"https:\/\/www.terranduyar.com\/fr\/wp-json\/wp\/v2\/pages"}],"about":[{"href":"https:\/\/www.terranduyar.com\/fr\/wp-json\/wp\/v2\/types\/page"}],"author":[{"embeddable":true,"href":"https:\/\/www.terranduyar.com\/fr\/wp-json\/wp\/v2\/users\/82647"}],"replies":[{"embeddable":true,"href":"https:\/\/www.terranduyar.com\/fr\/wp-json\/wp\/v2\/comments?post=544"}],"version-history":[{"count":2,"href":"https:\/\/www.terranduyar.com\/fr\/wp-json\/wp\/v2\/pages\/544\/revisions"}],"predecessor-version":[{"id":546,"href":"https:\/\/www.terranduyar.com\/fr\/wp-json\/wp\/v2\/pages\/544\/revisions\/546"}],"wp:featuredmedia":[{"embeddable":true,"href":"https:\/\/www.terranduyar.com\/fr\/wp-json\/wp\/v2\/media\/119"}],"wp:attachment":[{"href":"https:\/\/www.terranduyar.com\/fr\/wp-json\/wp\/v2\/media?parent=544"}],"curies":[{"name":"wp","href":"https:\/\/api.w.org\/{rel}","templated":true}]}}

PARC NATUREL:<br> <strong>Sierra de Andújar</strong>

<p>Dans le parc naturel se trouve notre TERRA ANDUYAR, dans la Sierra de Andújar qui est actuellement le représentant le mieux préservé de la forêt méditerranéenne, et redoute privilégiée pour une représentation imbattable des animaux, beaucoup d&rsquo;entre eux en grave danger d&rsquo;extinction et trouvé ici son dernier refuge. C&rsquo;est pourquoi ce parc naturel est devenu l&rsquo;un des plus importants et des plus riches en biodiversité de la péninsule ibérique.</p>
<p><strong>AVEC LA FAUNE</strong> qui entoure nos fermes.</p>
<p>Le lynx ibérique, le cerf rouge, le gamo, le sanglier, la chèvre de montagne et le loup ibérique protègent et surveillent les oliviers de Terra Anduyar. L&rsquo;aigle impérial et l&rsquo;aigle royal survolent le ciel, enivrés par ces oliveraies majestueuses.</p>
<p><strong>AVEC LA FLORE</strong> qui vit sur nos fermes.</p>
<p>Forêt, garrigues, Dehesa, paysages de la Ribera sont en parfaite symbiose avec les oliviers et les plantes aromatiques comme le romarin, la marjolaine, le thym et la lavande, ils fournissent les arômes, le caractère et l&rsquo;harmonie à notre huile. C&rsquo;est le caractère unique des environs du Parc Naturel de la Sierra de Andújar. La végétation riveraine est riche en grandes rivières qui se jettent dans le parc: Jándula et Yeguas, comme dans les ruisseaux et les ravins, elle est composée de cendres, aulne, sergés, lauriers-roses qui sont des galeries forestières importantes qui servent de refuge pour de nombreuses espèces de la faune.</p>

<p>Dans le parc naturel se trouve notre TERRA ANDUYAR, dans la Sierra de Andújar qui est actuellement le représentant le mieux préservé de la forêt méditerranéenne, et redoute privilégiée pour une représentation imbattable des animaux, beaucoup d&rsquo;entre eux en grave danger d&rsquo;extinction et trouvé ici son dernier refuge. C&rsquo;est pourquoi ce parc naturel est devenu [&hellip;]</p>
